, 3
Let g(n) = 4*n**2 + 25*n + 431. List the prime factors of g(-12).
7, 101
Let p(i) = -328*i + 4. Let x be p(-1). Let g = 562 - x. Suppose -3*k + k = -5*q - g, 2*k + 2*q = 202. What are the prime factors of k?
3, 5, 7
Let s = 32782 - 14597. What are the prime factors of s?
5, 3637
Suppose 2*i + 3555 = 3*v, -v + 921 = -4*i - 274. Let h = v + -656. What are the prime factors of h?
17, 31
Suppose -29*h - 29261 = -37023 - 142110. List the prime factors of h.
2, 17, 19
Let j = -15458 + 25706. List the prime factors of j.
2, 3, 7, 61
Let b(u) = 2*u + 20. Let j be b(-10). Suppose 3*s = 5*k - 24, 4*k - s + 2 - 17 = j. Suppose k*h + 30 - 135 = -2*z, -4*z = -12. What are the prime factors of h?
3, 11
Let f be 590/(-4)*560/(-100). Suppose -k + f + 144 = 0. Suppose -5*o + 2*m = -k, -m + 12 = -o + 203. List the prime factors of o.
2, 7
Let h be (-2 - 1 - 25)*1. Let a be (h/4)/(2/18). What are the prime factors of (-1130)/(-14) - 18/a?
3
Let m(t) = -t**3 + 7*t**2 + 11*t + 6. Let o be m(8). Let y(i) = i + 39. What are the prime factors of y(o)?
3, 23
Suppose 0 = -4*a - u + 12, 5*a - 2 = -3*u + 6. Suppose -469 = -3*t - g + 2*g, -306 = -2*t + a*g. What are the prime factors of t?
157
Suppose -57*i + 277 - 1706 - 623 = 0. Let r be 2/8 + 303/4. Let x = i + r. List the prime factors of x.
2, 5
Suppose -x - 4*l = 29, 3*l - l = -2*x - 46. Let k be (-2)/(-3) - 12481/x. Suppose 7*f - k = 651. What are the prime factors of f?
2, 89
Let l = 12535 - 5998. List the prime factors of l.
3, 2179
What are the prime factors of (-125)/(-875) + (-752974)/(-14)?
2, 3, 83
Suppose 4*q + 8 = -g, -4*g - q + 8 = -5*q. Let v be (2 + g)/(5/945 - 0). Suppose 2*c = -4*d + v, -3*d - 2*d = -3*c + 578. List the prime factors of c.
191
Let r = 2949 - -11753. What are the prime factors of r?
2, 7351
Let q(l) = -l**3 - 51*l**2 - 78*l - 36. Let a be q(-49). Let i = 2262 + a. What are the prime factors of i?
2, 7, 89
Suppose -22*l - 44*l = -308814. What are the prime factors of l?
4679
Let k(c) = -c**3 - 10*c**2 - 24*c - 15. Let b be k(-7). Suppose -2*g + b = 0, g + 2655 = 6*u - 4*u. List the prime factors of u.
3, 443
Let h = -4564 - -13029. List the prime factors of h.
5, 1693
Suppose 0 = -n + 8 + 15. Let h = -21 + n. Suppose -55 - 155 = -3*d - 3*w, -4*d - h*w + 286 = 0. What are the prime factors of d?
73
Let q be (-346)/(-1)*9/6. Let r be (-1)/(-4 - (-2073)/q). Let d = r + -59. List the prime factors of d.
2, 3, 19
Suppose -278*i + 157*i + 39083 = 0. What are the prime factors of i?
17, 19
Let q = -133 - -32. Let b = 23 + q. Let j = -39 - b. What are the prime factors of j?
3, 13
Let j = 22390 - 12599. Suppose -12*n + j - 1307 = 0. List the prime factors of n.
7, 101
Let d be (-3163)/5 + ((-105)/25)/(-7). Let n = d + 928. List the prime factors of n.
2, 37
Let i(v) = -3*v**3 - 2*v**2 + 2*v - 1. Let h be i(1). Let d be 5 + 280/(-3) - h/(-6). Let y = 46 - d. List the prime factors of y.
3, 5
Let l = 32046 - 23190. List the prime factors of l.
2, 3, 41
Suppose -48 - 17 = -13*j. Suppose t = -c - t + 68, -j*t = 2*c - 133. Suppose 0 = 2*o + 5*m - c, 7*m - 121 = -3*o + 2*m. List the prime factors of o.
47
Suppose -48*g = -248*g + 24*g + 3449952. What are the prime factors of g?
2, 3, 11
List the prime factors of ((-5463)/6)/(12 + 14817/(-1232)).
2, 7, 607
List the prime factors of (-98)/(-392) - 1/((-12)/69741).
2, 1453
Suppose z - 7 + 2 = 0. Suppose 15*d + 267 = 11*d - z*u, -180 = 3*d - 3*u. List the prime factors of 1640/9 - (-14)/d.
2, 7, 13
Suppose 3*x - 4*k + 0 = 18, 12 = 2*x + 4*k. Suppose 0 = x*t - 9*t + 30. List the prime factors of t.
2, 5
Let c = 2982 + -1334. Let k = -947 + c. List the prime factors of k.
701
Let s be 610 + 2/((4 - 5)*-2). Let v = -254 + s. List the prime factors of v.
3, 7, 17
List the prime factors of (293 - 2612)*210/(-9).
2, 5, 7, 773
Let c(i) = -880*i**3 + 8*i**2 + 8*i + 12. List the prime factors of c(-3).
2, 3, 5, 397
Let o(q) = -2*q + 2. Let i be o(5). What are the prime factors of 240 - (-2)/(i/(-20))?
5, 7
Let l = -1497 + 4005. List the prime factors of l.
2, 3, 11, 19
Suppose -9101 = -10*f - 1151. Suppose 5*c + w = 2*c + f, -5*w + 279 = c. List the prime factors of c.
2, 3, 11
List the prime factors of (-3 + -1 - 109884/(-30))*225/18.
3, 5, 3049
Suppose 0 = 8*k - 229 + 261. List the prime factors of 6/72*k*-1014.
2, 13
Suppose -2*a + 22*n - 25*n = -16905, 0 = -4*a - 5*n + 33815. What are the prime factors of a?
2, 3, 5, 47
Suppose -3*b - 993 = -2*t, b + 2 - 5 = 0. Let p = t - 235. List the prime factors of p.
2, 7, 19
Let x = 29 + -24. Let j(q) = 25*q**2 + 2*q + 1. Let h be j(2). Suppose -375 + h = -x*n. List the prime factors of n.
2, 3
Let u(m) = 100*m**2 + 4*m. Let b be u(5). Let t = -1497 + b. What are the prime factors of t?
3, 11, 31
What are the prime factors of 2 - -1 - (-253)/(-77) - (-105205)/7?
7, 19, 113
Let f be (-115070)/(-15) + -4 + (-24)/(-9). Suppose -f - 481 = -13*r. List the prime factors of r.
3, 11, 19
Let a be ((-6)/(-15))/(4/(-5))*-10. Let f be (a - -32) + (0 - 5) + 2. Suppose g - 122 = -f. List the prime factors of g.
2, 11
Let t(k) = 3 - 2*k - k - 4. Let s be t(0). List the prime factors of s/((-6)/42*(-1 + 2)).
7
Suppose 154 = -3*n - 17. Let a = n + 59. Suppose -236 = -b - 2*b + 2*i, -5*i - 161 = -a*b. List the prime factors of b.
2, 3, 13
Suppose -5*n = -3*h + 12, -2*h - 4*n + 0*n = -8. Let o(b) = -h + 5*b - 3*b + 25 - b. List the prime factors of o(-9).
2, 3
Let h be 14/16 - 1 - (-18)/16. Let u be (-1 - -275)*h*1/2. Suppose -u = -l + 26. List the prime factors of l.
163
Let x = 945 - 232. Let k = -321 + x. List the prime factors of k.
2, 7
Let c(o) = 147*o**2 - 3466*o - 52. List the prime factors of c(32).
2, 3, 7, 157
Let f(a) = a**2 - 13*a + 42. Let m be f(8). What are the prime factors of (-6)/((6/9 - 1)*m)?
3
Suppose -2*k - o - 1 = 0, 2 + 3 = 2*k - 5*o. Suppose k = 9*y - 4847 + 1652. List the prime factors of y.
5, 71
Suppose -17*p + 12*p = 0. What are the prime factors of 37/((10/(p + -5))/(-12))?
2, 3, 37
Let c(g) be the first derivative of -g**3 - 79*g**2/2 - 19*g - 54. List the prime factors of c(-26).
7
Let t = -41500 + 60393. List the prime factors of t.
7, 2699
Suppose 8*t - 366 = -86. Let k = 34 - t. List the prime factors of 1/((-18)/570)*k*3.
5, 19
Suppose 19*o + 3066609 = 77*o + 83*o. List the prime factors of o.
7, 13, 239
Suppose -4*x = t - 13, 17 = 70*x - 65*x + t. Suppose -13*f + 11*f + x*o = -3306, -5*f + 8321 = 4*o. List the prime factors of f.
11, 151
Suppose 2432237 - 737117 = 60*q. What are the prime factors of q?
2, 7, 1009
Suppose 31 = 4*s - 3*a + 4, 17 = 4*s - a. Suppose s*q - 5*w = 879, 3*q - 431 = 2*w + 448. List the prime factors of q.
293
Let t = 305 - 216. Let x = t + -194. List the prime factors of 15/(x/(-25) - 4).
3, 5
Suppose 0 = -5*q + 2*o + 449, -4*q + 262 + 117 = 5*o. List the prime factors of (q/(-14) - -8)/((-2)/(-12)).
3
Let k(v) = 10*v - 14. Suppose 3*i - 26 = i. Let l be k(i). Let p = -44 + l. List the prime factors of p.
2, 3
Suppose -3*b = -o + 8627 - 393, 4*b + 24702 = 3*o. List the prime factors of o.
2, 23, 179
List the prime factors of 2019675/175 - (10 + -2)/2.
83, 139
Let b(c) = 45*c**2 + 32*c - 179. List the prime factors of b(24).
7, 541
What are the prime factors of (-15)/2*(-1024490)/1325?
3, 1933
Let m = -9490 + 13043. What are the prime factors of m?
11, 17, 19
Let d(h) = 29*h**2 + 3*h + 3. Let g be d(-1). Suppose 9*b = -g*b + 21774. What are the prime factors of b?
3, 191
Suppose 4*u - 5*u - 172 = -4*a, 2*a = 5*u + 68. Let y be (21/14)/(6/a). Suppose 18*x - 105 = y*x. What are the prime factors of x?
3, 5
Let d = 5161 + 3113. Suppose -d = 1562*z - 1568*z. List the prime factors of z.
7, 197
Let s(p) = -819*p - 3033. List the prime factors of s(-52).
3, 5, 293
Let r(f) = -15*f + 2. Let s be r(-5). Suppose -1299 = -39*t + 1119. Suppose 0 = v + t - s. What are the prime factors of v?
3, 5
Let w = 1458 + -162. Suppose -352*z + 348*z = -w. What are the prime factors of z?
2, 3
Suppose -b + 8066 = 4*l, 0 = -5*b - 37*l + 34*l + 40347. List the prime factors of b.
2, 3, 5, 269
Suppose -31 - 32 = -21*t. Let q(f) = 7*f**3 - f + 3. List the prime factors of q(t).
3, 7
Let w = 25434 + 18178. List the prime factors of w.
2, 10903
Let z(x) be the first derivative of 19*x**2 - 64*x 